97fa
In base 6, what is 1304 + -14522?
-13214
In base 15, what is 2a - -23456?
23481
In base 10, what is -1551032 - 39?
-1551071
In base 2, what is -1001100 - -10011000001101111110?
10011000001100110010
In base 5, what is -3 - 420214400013?
-420214400021
In base 16, what is -1f9715 - -4?
-1f9711
In base 10, what is -26 + -1932136?
-1932162
In base 13, what is -209c - 6324?
-83c3
In base 9, what is -3 - -3766105?
3766102
In base 2, what is 10010111110101011 - -11011101111?
10011011010011010
In base 5, what is -3 - -10424310321?
10424310313
In base 9, what is 255387 + 11013?
266411
In base 6, what is -332 - -31343025?
31342253
In base 5, what is -30 - 1001044241?
-1001044321
In base 6, what is -515012041 + 100?
-515011541
In base 3, what is -122 - 101100202210?
-101100210102
In base 8, what is 131161475 + 3?
131161500
In base 16, what is 1f753839 + 3?
1f75383c
In base 7, what is 3 - 134401025?
-134401022
In base 13, what is 13b9b4 - -bc1?
13c8a5
In base 3, what is -2021112000101210001 - 10?
-2021112000101210011
In base 3, what is 2 + 11220010200211?
11220010200220
In base 2, what is 11111111101111 + -10010100101?
11101101001010
In base 2, what is 1010011 - 10101100001000110?
-10101011111110011
In base 9, what is 1401328 - 3?
1401325
In base 15, what is -1de4ca1 + 4?
-1de4c9c
In base 4, what is 1100100211 + -1301?
1100032310
In base 3, what is -10210112022 + 22200201?
-10110211121
In base 8, what is 7071 - -74313?
103404
In base 4, what is -1333 - -20120132?
20112133
In base 9, what is -2234 - -8305?
6061
In base 7, what is -13034305 + -544?
-13035152
In base 13, what is 75381 + 69?
7541a
In base 5, what is 20 + -320034240?
-320034220
In base 15, what is 7 - -1328a0?
1328a7
In base 9, what is -3 + 741015447?
741015444
In base 10, what is -460 + -324302?
-324762
In base 9, what is -2776 + 36010?
33123
In base 12, what is a + -607268?
-60725a
In base 8, what is -5 + 3717217?
3717212
In base 11, what is -93 - -95a783?
95a6a0
In base 4, what is 3101333 - -300322?
10002321
In base 13, what is 5 + 144809a?
14480a2
In base 11, what is 11507 - 2a8?
1120a
In base 8, what is 24017312 + 42?
24017354
In base 10, what is -21245 + 9254?
-11991
In base 16, what is fe9df4e - -4?
fe9df52
In base 12, what is 1 + -1110244?
-1110243
In base 10, what is 139127 + 601?
139728
In base 10, what is 4 + -3761765?
-3761761
In base 2, what is 0 + -1111111010100010011?
-1111111010100010011
In base 5, what is -12 + 443333012?
443333000
In base 7, what is -102524121 - 1?
-102524122
In base 14, what is -4c9 - 45d36?
-46421
In base 2, what is 100011110010010001 + -10000?
100011110010000001
In base 5, what is 11112404 + -332?
11112022
In base 6, what is -4 - 230225324?
-230225332
In base 12, what is -7b8b8 - -3ba?
-7b4ba
In base 4, what is 1021 - -20202121330?
20202123011
In base 4, what is 222102030 + -2301?
222033123
In base 12, what is 12a61 - -8a0?
13741
In base 5, what is -4131241 + 1331?
-4124410
In base 8, what is -7357 + 7704?
325
In base 2, what is 111110001100100 + 11000011101111?
1010110101010011
In base 6, what is -22052042 - -541?
-22051101
In base 15, what is 26c - 8d7a6?
-8d539
In base 7, what is 2131131415 - 4?
2131131411
In base 10, what is 111614 - 8?
111606
In base 16, what is -9 + 139cb2?
139ca9
In base 13, what is -1 - -c182ac?
c182ab
In base 5, what is -3210 - 14302412?
-14311122
In base 15, what is b3aa83 - 2?
b3aa81
In base 15, what is -1a - 6c9ea?
-6ca15
In base 8, what is 66 + -10526363?
-10526275
In base 16, what is ae563 - -15?
ae578
In base 3, what is 22 - 2121022011202?
-2121022011110
In base 3, what is -200101020 + 100101?
-200000212
In base 9, what is 161 - 246756?
-246585
In base 10, what is -4 - 16538155?
-16538159
In base 2, what is -11000110 + -1101001011111?
-1101100100101
In base 8, what is -5 + 103244652?
103244645
In base 13, what is 824 - 646c5?
-63ba1
In base 9, what is -2 + -42173483?
-42173485
In base 5, what is 2441031210 - -20?
2441031230
In base 2, what is 10011111101111101101011 + -101100?
10011111101111100111111
In base 9, what is -8858 - 2586?
-12555
In base 7, what is 42154 - 1034?
41120
In base 8, what is 114 + -11631151?
-11631035
In base 10, what is 362362 - -223?
362585
In base 12, what is 89 - -32aa?
3377
In base 15, what is 0 + a238575?
a238575
In base 4, what is 1 + -3120032222131?
-3120032222130
In base 5, what is -10414 - -3123?
-2241
In base 4, what is 1 + 13122030312?
13122030313
In base 9, what is -4 + 11662052?
11662047
In base 9, what is -4278603 + 3?
-4278600
In base 6, what is 55 + -5525120?
-5525021
In base 11, what is a5194 + -1074?
a4120
In base 8, what is 61054 + 774?
62050
In base 3, what is 12 + -2222101212200?
-2222101212111
In base 11, what is -13950a0 - -6?
-1395095
In base 9, what is -20 - -35658350?
35658330
In base 3, what is -21111 - 100002112110211?
-100002112202022
In base 10, what is 3390404 + 13?
3390417
In base 6, what is 2410 - -31540045?
31542455
In base 4, what is 12302 - 1001211?
-322303
In base 10, what is -205145 + 2117?
-203028
In base 13, what is -1a2aa30 + 2?
-1a2aa2b
In base 15, what is 3299 + -28bc5?
-2592b
In base 9, what is -113647 - 883?
-114641
In base 2, what is -101100 - 11001011100101101001?
-11001011100110010101
In base 10, what is -36 + 899?
863
In base 9, what is 143 - 58735?
-58582
In base 3, what is 1 + 11120000020112100?
11120000020112101
In base 9, what is -76 - 824280?
-824366
In base 12, what is -1350 - -a908?
9578
In base 11, what is 2390 + -2508?
-128
In base 13, what is -5 + 102b5a?
102b55
In base 4, what is -200 - 20103221?
-20110021
In base 13, what is 760016a - 3?
7600167
In base 7, what is 1610336124 - -5?
1610336132
In base 12, what is 6a67 + a36?
78a1
In base 7, what is -10 + -162326064?
-162326104
In base 7, what is -20 + -40654253?
-40654303
In base 13, what is -7b52bc8 - -4?
-7b52bc4
In base 5, what is 4341131030 + 3?
4341131033
In base 10, what is 29500 - -771?
30271
In base 2, what is -11 - 110110110110101011001?
-110110110110101011100
In base 13, what is 2010 + -46b9?
-26a9
In base 11, what is -53 - 139a804?
-139a857
In base 6, what is -11335244 - -30?
-11335214
In base 6, what is -1250 + 21313?
20023
In base 14, what is -743 - -9d53?
9610
In base 10, what is 57454 + 605?
58059
In base 12, what is 5 + -2211205?
-2211200
In base 8, what is 46661 + 126143?
175024
In base 7, what is 1356 - 4522120?
-4520431
In base 13, what is 7453179 + -5?
7453174
In base 9, what is -4 + -24137258?
-24137263
In base 5, what is 1032211 - 222?
1031434
In base 10, what is -1258536 - 1?
-1258537
In base 7, what is -254214 + 31336?
-222545
In base 3, what is -11 - 10011000102120?
-10011000102201
In base 5, what is 20 - 22441221021?
-22441221001
In base 9, what is 66 - -170466?
170543
In base 11, what is 1792a1 + 41?
179332
In base 6, what is -1 + 3440042?
3440041
In base 10, what is -70584 + -527?
-71111
In base 7, what is 16433602 - 3?
16433566
In base 10, what is -120025854 + -3?
-120025857
In base 2, what is 100001111001 + -1100101100000001?
-1100001010001000
In base 5, what is 20 - 4111110414?
-4111110344
In base 14, what is 1 + -5911253?
-5911252
In base 9, what is 228632640 - -5?
228632645
In base 16, what is -2eb85e9 + 5?
-2eb85e4
In base 12, what is -1 - b90b676?
-b90b677
In base 7, what is -4241646026 - -2?
-4241646024
In base 8, what is -165631 + 3107?
-162522
In base 12, what is 47299b3 + -2?
47299b1
In base 11, what is 9014 + 3124?
11138
In base 8, what is -23476 + 20317?
-3157
In base 7, what is -52 - 240623?
-241005
In base 3, what is -11 - -1212010221112?
1212010221101
In base 6, what is -12 + -1304531410?
-1304531422
In base 7, what is 60134 + 1233?
61400
In base 8, what is -45 - 101737?
-102004
In base 3, what is -222102 - 1020122101202?
-1020200101011
In base 2, what is 100101110 - 1110110010111011011?
-1110110010010101101
In base 8, what is -550 + 2277170?
2276420
In base 11, what is -18742 - 17290?
-34a22
In base 15, what is 1 + 2d851?
2d852
In base 7, what is 242 - -153151?
153423
In base 14, what is 119 - 60116?
-5dddb
In base 4, what is 3 - 13032022232?
-13032022223
In base 16, what is 9f63af9c + -3?
9f63af99
In base 3, what is -111212222200121020 - 1?
-111212222200121021
In base 16, what is 5 - -9f0a7f?
9f0a84
In base 12, what is 30b437a - 0?
30b437a
